{"id":10625,"date":"2024-04-10T02:14:31","date_gmt":"2024-04-10T02:14:31","guid":{"rendered":"https:\/\/evasionbleue.com\/?post_type=product&#038;p=10625"},"modified":"2024-04-12T00:55:52","modified_gmt":"2024-04-12T00:55:52","slug":"unejournee-detente","status":"publish","type":"product","link":"https:\/\/evasionbleue.com\/index.php\/product\/unejournee-detente\/","title":{"rendered":"UNE JOURN\u00c9E D\u00c9TENTE"},"content":{"rendered":"","protected":false},"excerpt":{"rendered":"<p>Les spas de MARRAKECH sont consid\u00e9r\u00e9s comme les traitements les plus avanc\u00e9s au monde gr\u00e2ce \u00e0 l&rsquo;h\u00e9ritage marocain traditionnel.<br \/>\nUne combinaison de sagesse traditionnelle et de science moderne m\u00e9lang\u00e9e dans des endroits fantastiques avec des cadres incroyables. Ils offrent les conditions id\u00e9ales pour r\u00e9duire le stress et se ressourcer physiquement et moralement.<br \/>\nNotre agence Explore Voyage, travaille en partenariat avec des experts de centres de beaut\u00e9. Envolez-vous \u00e0 travers des plus beaux Spa de la ville Ocre, avec leurs architectures Marocaine.<\/p>\n<div class=\"col-lg-9\">\n<h4>Ce qui est inclus :<\/h4>\n<ul class=\"list_ok\">\n<li>Prise en charge et retour \u00e0 l&rsquo;h\u00f4tel.<\/li>\n<li>V\u00e9hicule priv\u00e9 climatis\u00e9<\/li>\n<\/ul>\n<h4>Ce qui n&rsquo;est pas inclus :<\/h4>\n<ul class=\"list_ok\">\n<li>D\u00e9penses personnelles<\/li>\n<li>Pourboires<\/li>\n<\/ul>\n<\/div>\n","protected":false},"featured_media":18405,"comment_status":"open","ping_status":"closed","template":"","meta":[],"product_brand":[],"product_cat":[110,107],"product_tag":[],"class_list":{"0":"post-10625","1":"product","2":"type-product","3":"status-publish","4":"has-post-thumbnail","6":"product_cat-excursions","7":"product_cat-excursions-marrakech","9":"first","10":"instock","11":"shipping-taxable","12":"purchasable","13":"product-type-simple"},"yoast_head":"<!-- This site is optimized with the Yoast SEO plugin v25.3.1 - https:\/\/yoast.com\/wordpress\/plugins\/seo\/ -->\n<title>UNE JOURN\u00c9E D\u00c9TENTE - evasionbleue.com<\/title>\n<meta name=\"robots\" content=\"index, follow, max-snippet:-1, max-image-preview:large, max-video-preview:-1\" \/>\n<link rel=\"canonical\" href=\"https:\/\/evasionbleue.com\/index.php\/product\/unejournee-detente\/\" \/>\n<meta property=\"og:locale\" content=\"fr_FR\" \/>\n<meta property=\"og:type\" content=\"article\" \/>\n<meta property=\"og:title\" content=\"UNE JOURN\u00c9E D\u00c9TENTE - evasionbleue.com\" \/>\n<meta property=\"og:description\" content=\"Les spas de MARRAKECH sont consid\u00e9r\u00e9s comme les traitements les plus avanc\u00e9s au monde gr\u00e2ce \u00e0 l&#039;h\u00e9ritage marocain traditionnel. Une combinaison de sagesse traditionnelle et de science moderne m\u00e9lang\u00e9e dans des endroits fantastiques avec des cadres incroyables. Ils offrent les conditions id\u00e9ales pour r\u00e9duire le stress et se ressourcer physiquement et moralement. Notre agence Explore Voyage, travaille en partenariat avec des experts de centres de beaut\u00e9. Envolez-vous \u00e0 travers des plus beaux Spa de la ville Ocre, avec leurs architectures Marocaine.  Ce qui est inclus :   Prise en charge et retour \u00e0 l&#039;h\u00f4tel.  V\u00e9hicule priv\u00e9 climatis\u00e9  Ce qui n&#039;est pas inclus :   D\u00e9penses personnelles  Pourboires\" \/>\n<meta property=\"og:url\" content=\"https:\/\/evasionbleue.com\/index.php\/product\/unejournee-detente\/\" \/>\n<meta property=\"og:site_name\" content=\"evasionbleue.com\" \/>\n<meta property=\"article:modified_time\" content=\"2024-04-12T00:55:52+00:00\" \/>\n<meta property=\"og:image\" content=\"https:\/\/evasionbleue.com\/wp-content\/uploads\/2024\/04\/1-1.png\" \/>\n\t<meta property=\"og:image:width\" content=\"1920\" \/>\n\t<meta property=\"og:image:height\" content=\"1080\" \/>\n\t<meta property=\"og:image:type\" content=\"image\/png\" \/>\n<meta name=\"twitter:card\" content=\"summary_large_image\" \/>\n<script type=\"application\/ld+json\" class=\"yoast-schema-graph\">{\"@context\":\"https:\/\/schema.org\",\"@graph\":[{\"@type\":\"WebPage\",\"@id\":\"https:\/\/evasionbleue.com\/index.php\/product\/unejournee-detente\/\",\"url\":\"https:\/\/evasionbleue.com\/index.php\/product\/unejournee-detente\/\",\"name\":\"UNE JOURN\u00c9E D\u00c9TENTE - evasionbleue.com\",\"isPartOf\":{\"@id\":\"https:\/\/evasionbleue.com\/#website\"},\"primaryImageOfPage\":{\"@id\":\"https:\/\/evasionbleue.com\/index.php\/product\/unejournee-detente\/#primaryimage\"},\"image\":{\"@id\":\"https:\/\/evasionbleue.com\/index.php\/product\/unejournee-detente\/#primaryimage\"},\"thumbnailUrl\":\"https:\/\/evasionbleue.com\/wp-content\/uploads\/2024\/04\/1-1-1.png\",\"datePublished\":\"2024-04-10T02:14:31+00:00\",\"dateModified\":\"2024-04-12T00:55:52+00:00\",\"breadcrumb\":{\"@id\":\"https:\/\/evasionbleue.com\/index.php\/product\/unejournee-detente\/#breadcrumb\"},\"inLanguage\":\"fr-FR\",\"potentialAction\":[{\"@type\":\"ReadAction\",\"target\":[\"https:\/\/evasionbleue.com\/index.php\/product\/unejournee-detente\/\"]}]},{\"@type\":\"ImageObject\",\"inLanguage\":\"fr-FR\",\"@id\":\"https:\/\/evasionbleue.com\/index.php\/product\/unejournee-detente\/#primaryimage\",\"url\":\"https:\/\/evasionbleue.com\/wp-content\/uploads\/2024\/04\/1-1-1.png\",\"contentUrl\":\"https:\/\/evasionbleue.com\/wp-content\/uploads\/2024\/04\/1-1-1.png\",\"width\":1600,\"height\":900},{\"@type\":\"BreadcrumbList\",\"@id\":\"https:\/\/evasionbleue.com\/index.php\/product\/unejournee-detente\/#breadcrumb\",\"itemListElement\":[{\"@type\":\"ListItem\",\"position\":1,\"name\":\"Accueil\",\"item\":\"https:\/\/evasionbleue.com\/\"},{\"@type\":\"ListItem\",\"position\":2,\"name\":\"Shop\",\"item\":\"https:\/\/evasionbleue.com\/index.php\/shop\/\"},{\"@type\":\"ListItem\",\"position\":3,\"name\":\"UNE JOURN\u00c9E D\u00c9TENTE\"}]},{\"@type\":\"WebSite\",\"@id\":\"https:\/\/evasionbleue.com\/#website\",\"url\":\"https:\/\/evasionbleue.com\/\",\"name\":\"evasionbleue.com\",\"description\":\"evasionbleue agence de voyage\",\"potentialAction\":[{\"@type\":\"SearchAction\",\"target\":{\"@type\":\"EntryPoint\",\"urlTemplate\":\"https:\/\/evasionbleue.com\/?s={search_term_string}\"},\"query-input\":{\"@type\":\"PropertyValueSpecification\",\"valueRequired\":true,\"valueName\":\"search_term_string\"}}],\"inLanguage\":\"fr-FR\"}]}<\/script>\n<!-- \/ Yoast SEO plugin. -->","yoast_head_json":{"title":"UNE JOURN\u00c9E D\u00c9TENTE - evasionbleue.com","robots":{"index":"index","follow":"follow","max-snippet":"max-snippet:-1","max-image-preview":"max-image-preview:large","max-video-preview":"max-video-preview:-1"},"canonical":"https:\/\/evasionbleue.com\/index.php\/product\/unejournee-detente\/","og_locale":"fr_FR","og_type":"article","og_title":"UNE JOURN\u00c9E D\u00c9TENTE - evasionbleue.com","og_description":"Les spas de MARRAKECH sont consid\u00e9r\u00e9s comme les traitements les plus avanc\u00e9s au monde gr\u00e2ce \u00e0 l'h\u00e9ritage marocain traditionnel. Une combinaison de sagesse traditionnelle et de science moderne m\u00e9lang\u00e9e dans des endroits fantastiques avec des cadres incroyables. Ils offrent les conditions id\u00e9ales pour r\u00e9duire le stress et se ressourcer physiquement et moralement. Notre agence Explore Voyage, travaille en partenariat avec des experts de centres de beaut\u00e9. Envolez-vous \u00e0 travers des plus beaux Spa de la ville Ocre, avec leurs architectures Marocaine.  Ce qui est inclus :   Prise en charge et retour \u00e0 l'h\u00f4tel.  V\u00e9hicule priv\u00e9 climatis\u00e9  Ce qui n'est pas inclus :   D\u00e9penses personnelles  Pourboires","og_url":"https:\/\/evasionbleue.com\/index.php\/product\/unejournee-detente\/","og_site_name":"evasionbleue.com","article_modified_time":"2024-04-12T00:55:52+00:00","og_image":[{"width":1920,"height":1080,"url":"https:\/\/evasionbleue.com\/wp-content\/uploads\/2024\/04\/1-1.png","type":"image\/png"}],"twitter_card":"summary_large_image","schema":{"@context":"https:\/\/schema.org","@graph":[{"@type":"WebPage","@id":"https:\/\/evasionbleue.com\/index.php\/product\/unejournee-detente\/","url":"https:\/\/evasionbleue.com\/index.php\/product\/unejournee-detente\/","name":"UNE JOURN\u00c9E D\u00c9TENTE - evasionbleue.com","isPartOf":{"@id":"https:\/\/evasionbleue.com\/#website"},"primaryImageOfPage":{"@id":"https:\/\/evasionbleue.com\/index.php\/product\/unejournee-detente\/#primaryimage"},"image":{"@id":"https:\/\/evasionbleue.com\/index.php\/product\/unejournee-detente\/#primaryimage"},"thumbnailUrl":"https:\/\/evasionbleue.com\/wp-content\/uploads\/2024\/04\/1-1-1.png","datePublished":"2024-04-10T02:14:31+00:00","dateModified":"2024-04-12T00:55:52+00:00","breadcrumb":{"@id":"https:\/\/evasionbleue.com\/index.php\/product\/unejournee-detente\/#breadcrumb"},"inLanguage":"fr-FR","potentialAction":[{"@type":"ReadAction","target":["https:\/\/evasionbleue.com\/index.php\/product\/unejournee-detente\/"]}]},{"@type":"ImageObject","inLanguage":"fr-FR","@id":"https:\/\/evasionbleue.com\/index.php\/product\/unejournee-detente\/#primaryimage","url":"https:\/\/evasionbleue.com\/wp-content\/uploads\/2024\/04\/1-1-1.png","contentUrl":"https:\/\/evasionbleue.com\/wp-content\/uploads\/2024\/04\/1-1-1.png","width":1600,"height":900},{"@type":"BreadcrumbList","@id":"https:\/\/evasionbleue.com\/index.php\/product\/unejournee-detente\/#breadcrumb","itemListElement":[{"@type":"ListItem","position":1,"name":"Accueil","item":"https:\/\/evasionbleue.com\/"},{"@type":"ListItem","position":2,"name":"Shop","item":"https:\/\/evasionbleue.com\/index.php\/shop\/"},{"@type":"ListItem","position":3,"name":"UNE JOURN\u00c9E D\u00c9TENTE"}]},{"@type":"WebSite","@id":"https:\/\/evasionbleue.com\/#website","url":"https:\/\/evasionbleue.com\/","name":"evasionbleue.com","description":"evasionbleue agence de voyage","potentialAction":[{"@type":"SearchAction","target":{"@type":"EntryPoint","urlTemplate":"https:\/\/evasionbleue.com\/?s={search_term_string}"},"query-input":{"@type":"PropertyValueSpecification","valueRequired":true,"valueName":"search_term_string"}}],"inLanguage":"fr-FR"}]}},"_links":{"self":[{"href":"https:\/\/evasionbleue.com\/index.php\/wp-json\/wp\/v2\/product\/10625","targetHints":{"allow":["GET"]}}],"collection":[{"href":"https:\/\/evasionbleue.com\/index.php\/wp-json\/wp\/v2\/product"}],"about":[{"href":"https:\/\/evasionbleue.com\/index.php\/wp-json\/wp\/v2\/types\/product"}],"replies":[{"embeddable":true,"href":"https:\/\/evasionbleue.com\/index.php\/wp-json\/wp\/v2\/comments?post=10625"}],"version-history":[{"count":3,"href":"https:\/\/evasionbleue.com\/index.php\/wp-json\/wp\/v2\/product\/10625\/revisions"}],"predecessor-version":[{"id":10630,"href":"https:\/\/evasionbleue.com\/index.php\/wp-json\/wp\/v2\/product\/10625\/revisions\/10630"}],"wp:featuredmedia":[{"embeddable":true,"href":"https:\/\/evasionbleue.com\/index.php\/wp-json\/wp\/v2\/media\/18405"}],"wp:attachment":[{"href":"https:\/\/evasionbleue.com\/index.php\/wp-json\/wp\/v2\/media?parent=10625"}],"wp:term":[{"taxonomy":"product_brand","embeddable":true,"href":"https:\/\/evasionbleue.com\/index.php\/wp-json\/wp\/v2\/product_brand?post=10625"},{"taxonomy":"product_cat","embeddable":true,"href":"https:\/\/evasionbleue.com\/index.php\/wp-json\/wp\/v2\/product_cat?post=10625"},{"taxonomy":"product_tag","embeddable":true,"href":"https:\/\/evasionbleue.com\/index.php\/wp-json\/wp\/v2\/product_tag?post=10625"}],"curies":[{"name":"wp","href":"https:\/\/api.w.org\/{rel}","templated":true}]}}