{"id":12069,"date":"2024-04-28T20:24:01","date_gmt":"2024-04-28T20:24:01","guid":{"rendered":"https:\/\/evasionbleue.com\/?post_type=product&#038;p=12069"},"modified":"2024-04-28T20:24:01","modified_gmt":"2024-04-28T20:24:01","slug":"telepherique-et-transfert","status":"publish","type":"product","link":"https:\/\/evasionbleue.com\/index.php\/product\/telepherique-et-transfert\/","title":{"rendered":"t\u00e9l\u00e9ph\u00e9rique et transfert"},"content":{"rendered":"","protected":false},"excerpt":{"rendered":"<h1 class=\"activity__title js-title\" data-track=\"activity-title\" data-test-id=\"activity-title\" data-v-0b4ec26e=\"\">Tenerife : excursion au Teide avec t\u00e9l\u00e9ph\u00e9rique et transfert<\/h1>\n<p>Participez \u00e0 une excursion d&rsquo;une journ\u00e9e depuis Santa Cruz de Tenerife au parc national du Teide, o\u00f9 se trouve le Teide, le plus haut sommet d&rsquo;Espagne \u00e0 3 715 m. Apr\u00e8s avoir \u00e9t\u00e9 pris en charge \u00e0 votre h\u00f4tel, dirigez-vous vers le parc et explorez ses paysages lunaires. Prenez le t\u00e9l\u00e9ph\u00e9rique jusqu&rsquo;au sommet et profitez de votre temps libre pour admirer la vue.<br \/>\nApr\u00e8s avoir b\u00e9n\u00e9fici\u00e9 d&rsquo;une prise en charge \u00e0 l&rsquo;endroit s\u00e9lectionn\u00e9, visitez le plus grand parc national des \u00eeles Canaries et d\u00e9couvrez un paysage volcanique d&rsquo;une beaut\u00e9 in\u00e9gal\u00e9e gr\u00e2ce \u00e0 votre billet pour le t\u00e9l\u00e9ph\u00e9rique du Teide.<\/p>\n<p>Oubliez la voiture et contribuez \u00e0 pr\u00e9server les environs de Teide En choisissant le transport de groupe, cela permet r\u00e9duire le nombre de v\u00e9hicules dans les zones de stationnement \u00e0 l&rsquo;int\u00e9rieur du parc national qui, pour des raisons de conservation, sont de petite taille et n&rsquo;ont pas pour vocation de s&rsquo;\u00e9tendre.<\/p>\n<p>Montez \u00e0 bord du t\u00e9l\u00e9ph\u00e9rique pour un trajet de 8 min jusqu&rsquo;au plus haut sommet d&rsquo;Espagne. Situ\u00e9e \u00e0 3 555 m d&rsquo;altitude, la station sup\u00e9rieure du t\u00e9l\u00e9ph\u00e9rique est le point de d\u00e9part de 3 parcours int\u00e9ressants pour les amateurs de randonn\u00e9e.<\/p>\n<p>Suivez des chemins qui conduisent aux points de vue du Pico Viejo et de La Fortaleza et profitez de l\u00e0 de vues \u00e0 couper le souffle \u00e0 la fois sur le nord et le sud de l&rsquo;\u00eele. Le sentier Telesforo Bravo m\u00e8ne au point culminant du volcan, \u00e0 3 718 m d&rsquo;altitude. Pour visiter le sommet, il est n\u00e9cessaire de demander un permis \u00e0 l&rsquo;avance.<\/p>\n","protected":false},"featured_media":12071,"comment_status":"open","ping_status":"closed","template":"","meta":[],"product_brand":[],"product_cat":[109],"product_tag":[],"class_list":{"0":"post-12069","1":"product","2":"type-product","3":"status-publish","4":"has-post-thumbnail","6":"product_cat-excursions-tenerife","8":"first","9":"instock","10":"shipping-taxable","11":"purchasable","12":"product-type-simple"},"yoast_head":"<!-- This site is optimized with the Yoast SEO plugin v25.3.1 - https:\/\/yoast.com\/wordpress\/plugins\/seo\/ -->\n<title>t\u00e9l\u00e9ph\u00e9rique et transfert - evasionbleue.com<\/title>\n<meta name=\"robots\" content=\"index, follow, max-snippet:-1, max-image-preview:large, max-video-preview:-1\" \/>\n<link rel=\"canonical\" href=\"https:\/\/evasionbleue.com\/index.php\/product\/telepherique-et-transfert\/\" \/>\n<meta property=\"og:locale\" content=\"fr_FR\" \/>\n<meta property=\"og:type\" content=\"article\" \/>\n<meta property=\"og:title\" content=\"t\u00e9l\u00e9ph\u00e9rique et transfert - evasionbleue.com\" \/>\n<meta property=\"og:description\" content=\"Tenerife : excursion au Teide avec t\u00e9l\u00e9ph\u00e9rique et transfert Participez \u00e0 une excursion d&#039;une journ\u00e9e depuis Santa Cruz de Tenerife au parc national du Teide, o\u00f9 se trouve le Teide, le plus haut sommet d&#039;Espagne \u00e0 3 715 m. Apr\u00e8s avoir \u00e9t\u00e9 pris en charge \u00e0 votre h\u00f4tel, dirigez-vous vers le parc et explorez ses paysages lunaires. Prenez le t\u00e9l\u00e9ph\u00e9rique jusqu&#039;au sommet et profitez de votre temps libre pour admirer la vue. Apr\u00e8s avoir b\u00e9n\u00e9fici\u00e9 d&#039;une prise en charge \u00e0 l&#039;endroit s\u00e9lectionn\u00e9, visitez le plus grand parc national des \u00eeles Canaries et d\u00e9couvrez un paysage volcanique d&#039;une beaut\u00e9 in\u00e9gal\u00e9e gr\u00e2ce \u00e0 votre billet pour le t\u00e9l\u00e9ph\u00e9rique du Teide.  Oubliez la voiture et contribuez \u00e0 pr\u00e9server les environs de Teide En choisissant le transport de groupe, cela permet r\u00e9duire le nombre de v\u00e9hicules dans les zones de stationnement \u00e0 l&#039;int\u00e9rieur du parc national qui, pour des raisons de conservation, sont de petite taille et n&#039;ont pas pour vocation de s&#039;\u00e9tendre.  Montez \u00e0 bord du t\u00e9l\u00e9ph\u00e9rique pour un trajet de 8 min jusqu&#039;au plus haut sommet d&#039;Espagne. Situ\u00e9e \u00e0 3 555 m d&#039;altitude, la station sup\u00e9rieure du t\u00e9l\u00e9ph\u00e9rique est le point de d\u00e9part de 3 parcours int\u00e9ressants pour les amateurs de randonn\u00e9e.  Suivez des chemins qui conduisent aux points de vue du Pico Viejo et de La Fortaleza et profitez de l\u00e0 de vues \u00e0 couper le souffle \u00e0 la fois sur le nord et le sud de l&#039;\u00eele. Le sentier Telesforo Bravo m\u00e8ne au point culminant du volcan, \u00e0 3 718 m d&#039;altitude. Pour visiter le sommet, il est n\u00e9cessaire de demander un permis \u00e0 l&#039;avance.\" \/>\n<meta property=\"og:url\" content=\"https:\/\/evasionbleue.com\/index.php\/product\/telepherique-et-transfert\/\" \/>\n<meta property=\"og:site_name\" content=\"evasionbleue.com\" \/>\n<meta property=\"og:image\" content=\"https:\/\/evasionbleue.com\/wp-content\/uploads\/2024\/04\/145-7.jpg\" \/>\n\t<meta property=\"og:image:width\" content=\"960\" \/>\n\t<meta property=\"og:image:height\" content=\"640\" \/>\n\t<meta property=\"og:image:type\" content=\"image\/jpeg\" \/>\n<meta name=\"twitter:card\" content=\"summary_large_image\" \/>\n<script type=\"application\/ld+json\" class=\"yoast-schema-graph\">{\"@context\":\"https:\/\/schema.org\",\"@graph\":[{\"@type\":\"WebPage\",\"@id\":\"https:\/\/evasionbleue.com\/index.php\/product\/telepherique-et-transfert\/\",\"url\":\"https:\/\/evasionbleue.com\/index.php\/product\/telepherique-et-transfert\/\",\"name\":\"t\u00e9l\u00e9ph\u00e9rique et transfert - evasionbleue.com\",\"isPartOf\":{\"@id\":\"https:\/\/evasionbleue.com\/#website\"},\"primaryImageOfPage\":{\"@id\":\"https:\/\/evasionbleue.com\/index.php\/product\/telepherique-et-transfert\/#primaryimage\"},\"image\":{\"@id\":\"https:\/\/evasionbleue.com\/index.php\/product\/telepherique-et-transfert\/#primaryimage\"},\"thumbnailUrl\":\"https:\/\/evasionbleue.com\/wp-content\/uploads\/2024\/04\/145-7.jpg\",\"datePublished\":\"2024-04-28T20:24:01+00:00\",\"breadcrumb\":{\"@id\":\"https:\/\/evasionbleue.com\/index.php\/product\/telepherique-et-transfert\/#breadcrumb\"},\"inLanguage\":\"fr-FR\",\"potentialAction\":[{\"@type\":\"ReadAction\",\"target\":[\"https:\/\/evasionbleue.com\/index.php\/product\/telepherique-et-transfert\/\"]}]},{\"@type\":\"ImageObject\",\"inLanguage\":\"fr-FR\",\"@id\":\"https:\/\/evasionbleue.com\/index.php\/product\/telepherique-et-transfert\/#primaryimage\",\"url\":\"https:\/\/evasionbleue.com\/wp-content\/uploads\/2024\/04\/145-7.jpg\",\"contentUrl\":\"https:\/\/evasionbleue.com\/wp-content\/uploads\/2024\/04\/145-7.jpg\",\"width\":960,\"height\":640},{\"@type\":\"BreadcrumbList\",\"@id\":\"https:\/\/evasionbleue.com\/index.php\/product\/telepherique-et-transfert\/#breadcrumb\",\"itemListElement\":[{\"@type\":\"ListItem\",\"position\":1,\"name\":\"Accueil\",\"item\":\"https:\/\/evasionbleue.com\/\"},{\"@type\":\"ListItem\",\"position\":2,\"name\":\"Shop\",\"item\":\"https:\/\/evasionbleue.com\/index.php\/shop\/\"},{\"@type\":\"ListItem\",\"position\":3,\"name\":\"t\u00e9l\u00e9ph\u00e9rique et transfert\"}]},{\"@type\":\"WebSite\",\"@id\":\"https:\/\/evasionbleue.com\/#website\",\"url\":\"https:\/\/evasionbleue.com\/\",\"name\":\"evasionbleue.com\",\"description\":\"evasionbleue agence de voyage\",\"potentialAction\":[{\"@type\":\"SearchAction\",\"target\":{\"@type\":\"EntryPoint\",\"urlTemplate\":\"https:\/\/evasionbleue.com\/?s={search_term_string}\"},\"query-input\":{\"@type\":\"PropertyValueSpecification\",\"valueRequired\":true,\"valueName\":\"search_term_string\"}}],\"inLanguage\":\"fr-FR\"}]}<\/script>\n<!-- \/ Yoast SEO plugin. -->","yoast_head_json":{"title":"t\u00e9l\u00e9ph\u00e9rique et transfert - evasionbleue.com","robots":{"index":"index","follow":"follow","max-snippet":"max-snippet:-1","max-image-preview":"max-image-preview:large","max-video-preview":"max-video-preview:-1"},"canonical":"https:\/\/evasionbleue.com\/index.php\/product\/telepherique-et-transfert\/","og_locale":"fr_FR","og_type":"article","og_title":"t\u00e9l\u00e9ph\u00e9rique et transfert - evasionbleue.com","og_description":"Tenerife : excursion au Teide avec t\u00e9l\u00e9ph\u00e9rique et transfert Participez \u00e0 une excursion d'une journ\u00e9e depuis Santa Cruz de Tenerife au parc national du Teide, o\u00f9 se trouve le Teide, le plus haut sommet d'Espagne \u00e0 3 715 m. Apr\u00e8s avoir \u00e9t\u00e9 pris en charge \u00e0 votre h\u00f4tel, dirigez-vous vers le parc et explorez ses paysages lunaires. Prenez le t\u00e9l\u00e9ph\u00e9rique jusqu'au sommet et profitez de votre temps libre pour admirer la vue. Apr\u00e8s avoir b\u00e9n\u00e9fici\u00e9 d'une prise en charge \u00e0 l'endroit s\u00e9lectionn\u00e9, visitez le plus grand parc national des \u00eeles Canaries et d\u00e9couvrez un paysage volcanique d'une beaut\u00e9 in\u00e9gal\u00e9e gr\u00e2ce \u00e0 votre billet pour le t\u00e9l\u00e9ph\u00e9rique du Teide.  Oubliez la voiture et contribuez \u00e0 pr\u00e9server les environs de Teide En choisissant le transport de groupe, cela permet r\u00e9duire le nombre de v\u00e9hicules dans les zones de stationnement \u00e0 l'int\u00e9rieur du parc national qui, pour des raisons de conservation, sont de petite taille et n'ont pas pour vocation de s'\u00e9tendre.  Montez \u00e0 bord du t\u00e9l\u00e9ph\u00e9rique pour un trajet de 8 min jusqu'au plus haut sommet d'Espagne. Situ\u00e9e \u00e0 3 555 m d'altitude, la station sup\u00e9rieure du t\u00e9l\u00e9ph\u00e9rique est le point de d\u00e9part de 3 parcours int\u00e9ressants pour les amateurs de randonn\u00e9e.  Suivez des chemins qui conduisent aux points de vue du Pico Viejo et de La Fortaleza et profitez de l\u00e0 de vues \u00e0 couper le souffle \u00e0 la fois sur le nord et le sud de l'\u00eele. Le sentier Telesforo Bravo m\u00e8ne au point culminant du volcan, \u00e0 3 718 m d'altitude. Pour visiter le sommet, il est n\u00e9cessaire de demander un permis \u00e0 l'avance.","og_url":"https:\/\/evasionbleue.com\/index.php\/product\/telepherique-et-transfert\/","og_site_name":"evasionbleue.com","og_image":[{"width":960,"height":640,"url":"https:\/\/evasionbleue.com\/wp-content\/uploads\/2024\/04\/145-7.jpg","type":"image\/jpeg"}],"twitter_card":"summary_large_image","schema":{"@context":"https:\/\/schema.org","@graph":[{"@type":"WebPage","@id":"https:\/\/evasionbleue.com\/index.php\/product\/telepherique-et-transfert\/","url":"https:\/\/evasionbleue.com\/index.php\/product\/telepherique-et-transfert\/","name":"t\u00e9l\u00e9ph\u00e9rique et transfert - evasionbleue.com","isPartOf":{"@id":"https:\/\/evasionbleue.com\/#website"},"primaryImageOfPage":{"@id":"https:\/\/evasionbleue.com\/index.php\/product\/telepherique-et-transfert\/#primaryimage"},"image":{"@id":"https:\/\/evasionbleue.com\/index.php\/product\/telepherique-et-transfert\/#primaryimage"},"thumbnailUrl":"https:\/\/evasionbleue.com\/wp-content\/uploads\/2024\/04\/145-7.jpg","datePublished":"2024-04-28T20:24:01+00:00","breadcrumb":{"@id":"https:\/\/evasionbleue.com\/index.php\/product\/telepherique-et-transfert\/#breadcrumb"},"inLanguage":"fr-FR","potentialAction":[{"@type":"ReadAction","target":["https:\/\/evasionbleue.com\/index.php\/product\/telepherique-et-transfert\/"]}]},{"@type":"ImageObject","inLanguage":"fr-FR","@id":"https:\/\/evasionbleue.com\/index.php\/product\/telepherique-et-transfert\/#primaryimage","url":"https:\/\/evasionbleue.com\/wp-content\/uploads\/2024\/04\/145-7.jpg","contentUrl":"https:\/\/evasionbleue.com\/wp-content\/uploads\/2024\/04\/145-7.jpg","width":960,"height":640},{"@type":"BreadcrumbList","@id":"https:\/\/evasionbleue.com\/index.php\/product\/telepherique-et-transfert\/#breadcrumb","itemListElement":[{"@type":"ListItem","position":1,"name":"Accueil","item":"https:\/\/evasionbleue.com\/"},{"@type":"ListItem","position":2,"name":"Shop","item":"https:\/\/evasionbleue.com\/index.php\/shop\/"},{"@type":"ListItem","position":3,"name":"t\u00e9l\u00e9ph\u00e9rique et transfert"}]},{"@type":"WebSite","@id":"https:\/\/evasionbleue.com\/#website","url":"https:\/\/evasionbleue.com\/","name":"evasionbleue.com","description":"evasionbleue agence de voyage","potentialAction":[{"@type":"SearchAction","target":{"@type":"EntryPoint","urlTemplate":"https:\/\/evasionbleue.com\/?s={search_term_string}"},"query-input":{"@type":"PropertyValueSpecification","valueRequired":true,"valueName":"search_term_string"}}],"inLanguage":"fr-FR"}]}},"_links":{"self":[{"href":"https:\/\/evasionbleue.com\/index.php\/wp-json\/wp\/v2\/product\/12069","targetHints":{"allow":["GET"]}}],"collection":[{"href":"https:\/\/evasionbleue.com\/index.php\/wp-json\/wp\/v2\/product"}],"about":[{"href":"https:\/\/evasionbleue.com\/index.php\/wp-json\/wp\/v2\/types\/product"}],"replies":[{"embeddable":true,"href":"https:\/\/evasionbleue.com\/index.php\/wp-json\/wp\/v2\/comments?post=12069"}],"version-history":[{"count":1,"href":"https:\/\/evasionbleue.com\/index.php\/wp-json\/wp\/v2\/product\/12069\/revisions"}],"predecessor-version":[{"id":12076,"href":"https:\/\/evasionbleue.com\/index.php\/wp-json\/wp\/v2\/product\/12069\/revisions\/12076"}],"wp:featuredmedia":[{"embeddable":true,"href":"https:\/\/evasionbleue.com\/index.php\/wp-json\/wp\/v2\/media\/12071"}],"wp:attachment":[{"href":"https:\/\/evasionbleue.com\/index.php\/wp-json\/wp\/v2\/media?parent=12069"}],"wp:term":[{"taxonomy":"product_brand","embeddable":true,"href":"https:\/\/evasionbleue.com\/index.php\/wp-json\/wp\/v2\/product_brand?post=12069"},{"taxonomy":"product_cat","embeddable":true,"href":"https:\/\/evasionbleue.com\/index.php\/wp-json\/wp\/v2\/product_cat?post=12069"},{"taxonomy":"product_tag","embeddable":true,"href":"https:\/\/evasionbleue.com\/index.php\/wp-json\/wp\/v2\/product_tag?post=12069"}],"curies":[{"name":"wp","href":"https:\/\/api.w.org\/{rel}","templated":true}]}}