{"id":12077,"date":"2024-04-28T20:35:17","date_gmt":"2024-04-28T20:35:17","guid":{"rendered":"https:\/\/evasionbleue.com\/?post_type=product&#038;p=12077"},"modified":"2024-04-28T20:35:17","modified_gmt":"2024-04-28T20:35:17","slug":"croisiere-observation-des-baleines","status":"publish","type":"product","link":"https:\/\/evasionbleue.com\/index.php\/product\/croisiere-observation-des-baleines\/","title":{"rendered":"Croisi\u00e8re observation des baleines"},"content":{"rendered":"","protected":false},"excerpt":{"rendered":"<p>Allez \u00e0 la rencontre des baleines lors d&rsquo;une excursion inoubliable le long de la c\u00f4te de Los Cristianos \u00e0 Tenerife. Observez les baleines et autres animaux marins \u00e0 une distance proche mais respectueuse, sans les poursuivre ni les importuner. D\u00e9couvrez le Travelin Lady, un yacht qui a \u00e9t\u00e9 construit avec un b\u00e2bord bas et un tribord proche du niveau de la mer pour que les spectateurs appr\u00e9cient les mammif\u00e8res marins depuis la surface de la mer. Embarquez au port de Los Cristianos et partez \u00e0 la recherche des gentils g\u00e9ants des oc\u00e9ans. Outre les baleines, vous pourrez observer des grands dauphins, des rorquals communs, des globic\u00e9phales noirs, des tortues et peut-\u00eatre m\u00eame des orques, des baleines bleues et des requins. En longeant la c\u00f4te, d\u00e9couvrez la c\u00e9l\u00e8bre \u00ab\u00a0grotte de l&rsquo;amour\u00a0\u00bb. Avant de retourner au port, terminez la visite par une pause d\u00e9tente sur l&rsquo;eau pour avoir la chance de nager et de faire du snorkeling. Profitez d&rsquo;un yacht \u00e9cologique le long de la c\u00f4te de l&rsquo;\u00eele des Canaries, qui a re\u00e7u le drapeau \u00ab\u00a0Bateau bleu\u00a0\u00bb du gouvernement local, certifiant que le navire r\u00e9pond aux exigences de la loi pour exercer l&rsquo;activit\u00e9 de mani\u00e8re s\u00fbre et durable.<\/p>\n","protected":false},"featured_media":12091,"comment_status":"open","ping_status":"closed","template":"","meta":[],"product_brand":[],"product_cat":[109],"product_tag":[],"class_list":{"0":"post-12077","1":"product","2":"type-product","3":"status-publish","4":"has-post-thumbnail","6":"product_cat-excursions-tenerife","8":"first","9":"instock","10":"shipping-taxable","11":"purchasable","12":"product-type-simple"},"yoast_head":"<!-- This site is optimized with the Yoast SEO plugin v25.3.1 - https:\/\/yoast.com\/wordpress\/plugins\/seo\/ -->\n<title>Croisi\u00e8re observation des baleines - evasionbleue.com<\/title>\n<meta name=\"robots\" content=\"index, follow, max-snippet:-1, max-image-preview:large, max-video-preview:-1\" \/>\n<link rel=\"canonical\" href=\"https:\/\/evasionbleue.com\/index.php\/product\/croisiere-observation-des-baleines\/\" \/>\n<meta property=\"og:locale\" content=\"fr_FR\" \/>\n<meta property=\"og:type\" content=\"article\" \/>\n<meta property=\"og:title\" content=\"Croisi\u00e8re observation des baleines - evasionbleue.com\" \/>\n<meta property=\"og:description\" content=\"Allez \u00e0 la rencontre des baleines lors d&#039;une excursion inoubliable le long de la c\u00f4te de Los Cristianos \u00e0 Tenerife. Observez les baleines et autres animaux marins \u00e0 une distance proche mais respectueuse, sans les poursuivre ni les importuner. D\u00e9couvrez le Travelin Lady, un yacht qui a \u00e9t\u00e9 construit avec un b\u00e2bord bas et un tribord proche du niveau de la mer pour que les spectateurs appr\u00e9cient les mammif\u00e8res marins depuis la surface de la mer. Embarquez au port de Los Cristianos et partez \u00e0 la recherche des gentils g\u00e9ants des oc\u00e9ans. Outre les baleines, vous pourrez observer des grands dauphins, des rorquals communs, des globic\u00e9phales noirs, des tortues et peut-\u00eatre m\u00eame des orques, des baleines bleues et des requins. En longeant la c\u00f4te, d\u00e9couvrez la c\u00e9l\u00e8bre &quot;grotte de l&#039;amour&quot;. Avant de retourner au port, terminez la visite par une pause d\u00e9tente sur l&#039;eau pour avoir la chance de nager et de faire du snorkeling. Profitez d&#039;un yacht \u00e9cologique le long de la c\u00f4te de l&#039;\u00eele des Canaries, qui a re\u00e7u le drapeau &quot;Bateau bleu&quot; du gouvernement local, certifiant que le navire r\u00e9pond aux exigences de la loi pour exercer l&#039;activit\u00e9 de mani\u00e8re s\u00fbre et durable.\" \/>\n<meta property=\"og:url\" content=\"https:\/\/evasionbleue.com\/index.php\/product\/croisiere-observation-des-baleines\/\" \/>\n<meta property=\"og:site_name\" content=\"evasionbleue.com\" \/>\n<meta property=\"og:image\" content=\"https:\/\/evasionbleue.com\/wp-content\/uploads\/2024\/04\/98-2.jpg\" \/>\n\t<meta property=\"og:image:width\" content=\"1185\" \/>\n\t<meta property=\"og:image:height\" content=\"616\" \/>\n\t<meta property=\"og:image:type\" content=\"image\/jpeg\" \/>\n<meta name=\"twitter:card\" content=\"summary_large_image\" \/>\n<script type=\"application\/ld+json\" class=\"yoast-schema-graph\">{\"@context\":\"https:\/\/schema.org\",\"@graph\":[{\"@type\":\"WebPage\",\"@id\":\"https:\/\/evasionbleue.com\/index.php\/product\/croisiere-observation-des-baleines\/\",\"url\":\"https:\/\/evasionbleue.com\/index.php\/product\/croisiere-observation-des-baleines\/\",\"name\":\"Croisi\u00e8re observation des baleines - evasionbleue.com\",\"isPartOf\":{\"@id\":\"https:\/\/evasionbleue.com\/#website\"},\"primaryImageOfPage\":{\"@id\":\"https:\/\/evasionbleue.com\/index.php\/product\/croisiere-observation-des-baleines\/#primaryimage\"},\"image\":{\"@id\":\"https:\/\/evasionbleue.com\/index.php\/product\/croisiere-observation-des-baleines\/#primaryimage\"},\"thumbnailUrl\":\"https:\/\/evasionbleue.com\/wp-content\/uploads\/2024\/04\/98-2.jpg\",\"datePublished\":\"2024-04-28T20:35:17+00:00\",\"breadcrumb\":{\"@id\":\"https:\/\/evasionbleue.com\/index.php\/product\/croisiere-observation-des-baleines\/#breadcrumb\"},\"inLanguage\":\"fr-FR\",\"potentialAction\":[{\"@type\":\"ReadAction\",\"target\":[\"https:\/\/evasionbleue.com\/index.php\/product\/croisiere-observation-des-baleines\/\"]}]},{\"@type\":\"ImageObject\",\"inLanguage\":\"fr-FR\",\"@id\":\"https:\/\/evasionbleue.com\/index.php\/product\/croisiere-observation-des-baleines\/#primaryimage\",\"url\":\"https:\/\/evasionbleue.com\/wp-content\/uploads\/2024\/04\/98-2.jpg\",\"contentUrl\":\"https:\/\/evasionbleue.com\/wp-content\/uploads\/2024\/04\/98-2.jpg\",\"width\":1185,\"height\":616},{\"@type\":\"BreadcrumbList\",\"@id\":\"https:\/\/evasionbleue.com\/index.php\/product\/croisiere-observation-des-baleines\/#breadcrumb\",\"itemListElement\":[{\"@type\":\"ListItem\",\"position\":1,\"name\":\"Accueil\",\"item\":\"https:\/\/evasionbleue.com\/\"},{\"@type\":\"ListItem\",\"position\":2,\"name\":\"Shop\",\"item\":\"https:\/\/evasionbleue.com\/index.php\/shop\/\"},{\"@type\":\"ListItem\",\"position\":3,\"name\":\"Croisi\u00e8re observation des baleines\"}]},{\"@type\":\"WebSite\",\"@id\":\"https:\/\/evasionbleue.com\/#website\",\"url\":\"https:\/\/evasionbleue.com\/\",\"name\":\"evasionbleue.com\",\"description\":\"evasionbleue agence de voyage\",\"potentialAction\":[{\"@type\":\"SearchAction\",\"target\":{\"@type\":\"EntryPoint\",\"urlTemplate\":\"https:\/\/evasionbleue.com\/?s={search_term_string}\"},\"query-input\":{\"@type\":\"PropertyValueSpecification\",\"valueRequired\":true,\"valueName\":\"search_term_string\"}}],\"inLanguage\":\"fr-FR\"}]}<\/script>\n<!-- \/ Yoast SEO plugin. -->","yoast_head_json":{"title":"Croisi\u00e8re observation des baleines - evasionbleue.com","robots":{"index":"index","follow":"follow","max-snippet":"max-snippet:-1","max-image-preview":"max-image-preview:large","max-video-preview":"max-video-preview:-1"},"canonical":"https:\/\/evasionbleue.com\/index.php\/product\/croisiere-observation-des-baleines\/","og_locale":"fr_FR","og_type":"article","og_title":"Croisi\u00e8re observation des baleines - evasionbleue.com","og_description":"Allez \u00e0 la rencontre des baleines lors d'une excursion inoubliable le long de la c\u00f4te de Los Cristianos \u00e0 Tenerife. Observez les baleines et autres animaux marins \u00e0 une distance proche mais respectueuse, sans les poursuivre ni les importuner. D\u00e9couvrez le Travelin Lady, un yacht qui a \u00e9t\u00e9 construit avec un b\u00e2bord bas et un tribord proche du niveau de la mer pour que les spectateurs appr\u00e9cient les mammif\u00e8res marins depuis la surface de la mer. Embarquez au port de Los Cristianos et partez \u00e0 la recherche des gentils g\u00e9ants des oc\u00e9ans. Outre les baleines, vous pourrez observer des grands dauphins, des rorquals communs, des globic\u00e9phales noirs, des tortues et peut-\u00eatre m\u00eame des orques, des baleines bleues et des requins. En longeant la c\u00f4te, d\u00e9couvrez la c\u00e9l\u00e8bre \"grotte de l'amour\". Avant de retourner au port, terminez la visite par une pause d\u00e9tente sur l'eau pour avoir la chance de nager et de faire du snorkeling. Profitez d'un yacht \u00e9cologique le long de la c\u00f4te de l'\u00eele des Canaries, qui a re\u00e7u le drapeau \"Bateau bleu\" du gouvernement local, certifiant que le navire r\u00e9pond aux exigences de la loi pour exercer l'activit\u00e9 de mani\u00e8re s\u00fbre et durable.","og_url":"https:\/\/evasionbleue.com\/index.php\/product\/croisiere-observation-des-baleines\/","og_site_name":"evasionbleue.com","og_image":[{"width":1185,"height":616,"url":"https:\/\/evasionbleue.com\/wp-content\/uploads\/2024\/04\/98-2.jpg","type":"image\/jpeg"}],"twitter_card":"summary_large_image","schema":{"@context":"https:\/\/schema.org","@graph":[{"@type":"WebPage","@id":"https:\/\/evasionbleue.com\/index.php\/product\/croisiere-observation-des-baleines\/","url":"https:\/\/evasionbleue.com\/index.php\/product\/croisiere-observation-des-baleines\/","name":"Croisi\u00e8re observation des baleines - evasionbleue.com","isPartOf":{"@id":"https:\/\/evasionbleue.com\/#website"},"primaryImageOfPage":{"@id":"https:\/\/evasionbleue.com\/index.php\/product\/croisiere-observation-des-baleines\/#primaryimage"},"image":{"@id":"https:\/\/evasionbleue.com\/index.php\/product\/croisiere-observation-des-baleines\/#primaryimage"},"thumbnailUrl":"https:\/\/evasionbleue.com\/wp-content\/uploads\/2024\/04\/98-2.jpg","datePublished":"2024-04-28T20:35:17+00:00","breadcrumb":{"@id":"https:\/\/evasionbleue.com\/index.php\/product\/croisiere-observation-des-baleines\/#breadcrumb"},"inLanguage":"fr-FR","potentialAction":[{"@type":"ReadAction","target":["https:\/\/evasionbleue.com\/index.php\/product\/croisiere-observation-des-baleines\/"]}]},{"@type":"ImageObject","inLanguage":"fr-FR","@id":"https:\/\/evasionbleue.com\/index.php\/product\/croisiere-observation-des-baleines\/#primaryimage","url":"https:\/\/evasionbleue.com\/wp-content\/uploads\/2024\/04\/98-2.jpg","contentUrl":"https:\/\/evasionbleue.com\/wp-content\/uploads\/2024\/04\/98-2.jpg","width":1185,"height":616},{"@type":"BreadcrumbList","@id":"https:\/\/evasionbleue.com\/index.php\/product\/croisiere-observation-des-baleines\/#breadcrumb","itemListElement":[{"@type":"ListItem","position":1,"name":"Accueil","item":"https:\/\/evasionbleue.com\/"},{"@type":"ListItem","position":2,"name":"Shop","item":"https:\/\/evasionbleue.com\/index.php\/shop\/"},{"@type":"ListItem","position":3,"name":"Croisi\u00e8re observation des baleines"}]},{"@type":"WebSite","@id":"https:\/\/evasionbleue.com\/#website","url":"https:\/\/evasionbleue.com\/","name":"evasionbleue.com","description":"evasionbleue agence de voyage","potentialAction":[{"@type":"SearchAction","target":{"@type":"EntryPoint","urlTemplate":"https:\/\/evasionbleue.com\/?s={search_term_string}"},"query-input":{"@type":"PropertyValueSpecification","valueRequired":true,"valueName":"search_term_string"}}],"inLanguage":"fr-FR"}]}},"_links":{"self":[{"href":"https:\/\/evasionbleue.com\/index.php\/wp-json\/wp\/v2\/product\/12077","targetHints":{"allow":["GET"]}}],"collection":[{"href":"https:\/\/evasionbleue.com\/index.php\/wp-json\/wp\/v2\/product"}],"about":[{"href":"https:\/\/evasionbleue.com\/index.php\/wp-json\/wp\/v2\/types\/product"}],"replies":[{"embeddable":true,"href":"https:\/\/evasionbleue.com\/index.php\/wp-json\/wp\/v2\/comments?post=12077"}],"version-history":[{"count":1,"href":"https:\/\/evasionbleue.com\/index.php\/wp-json\/wp\/v2\/product\/12077\/revisions"}],"predecessor-version":[{"id":12093,"href":"https:\/\/evasionbleue.com\/index.php\/wp-json\/wp\/v2\/product\/12077\/revisions\/12093"}],"wp:featuredmedia":[{"embeddable":true,"href":"https:\/\/evasionbleue.com\/index.php\/wp-json\/wp\/v2\/media\/12091"}],"wp:attachment":[{"href":"https:\/\/evasionbleue.com\/index.php\/wp-json\/wp\/v2\/media?parent=12077"}],"wp:term":[{"taxonomy":"product_brand","embeddable":true,"href":"https:\/\/evasionbleue.com\/index.php\/wp-json\/wp\/v2\/product_brand?post=12077"},{"taxonomy":"product_cat","embeddable":true,"href":"https:\/\/evasionbleue.com\/index.php\/wp-json\/wp\/v2\/product_cat?post=12077"},{"taxonomy":"product_tag","embeddable":true,"href":"https:\/\/evasionbleue.com\/index.php\/wp-json\/wp\/v2\/product_tag?post=12077"}],"curies":[{"name":"wp","href":"https:\/\/api.w.org\/{rel}","templated":true}]}}