{"id":12094,"date":"2024-04-28T20:40:56","date_gmt":"2024-04-28T20:40:56","guid":{"rendered":"https:\/\/evasionbleue.com\/?post_type=product&#038;p=12094"},"modified":"2024-06-11T13:52:31","modified_gmt":"2024-06-11T13:52:31","slug":"puerto-de-mogan-visite-sous-marine","status":"publish","type":"product","link":"https:\/\/evasionbleue.com\/index.php\/product\/puerto-de-mogan-visite-sous-marine\/","title":{"rendered":"Visite sous-marine"},"content":{"rendered":"","protected":false},"excerpt":{"rendered":"<h1 class=\"activity__title js-title\" data-track=\"activity-title\" data-test-id=\"activity-title\" data-v-0b4ec26e=\"\">visite sous-marine<\/h1>\n<p>D\u00e9couvrez les fonds marins de Puerto de Mog\u00e1n \u00e0 bord du Golden Shark lors d&rsquo;une visite sous-marine. Explorez le monde sous les vagues et observez les man\u0153uvres sous l&rsquo;eau et en surface gr\u00e2ce aux \u00e9crans de t\u00e9l\u00e9vision disponibles pour chaque personne. Atteignez des profondeurs de 25\u00a0m sans subir de changement de pression. \u00c9merveillez-vous devant les incroyables habitats et \u00e9cosyst\u00e8mes de l&rsquo;oc\u00e9an Atlantique. Passez devant des \u00e9paves au fond de la mer et admirez des formations sous-marines uniques. Profitez d&rsquo;une visite adapt\u00e9e \u00e0 tous et capturez des photos uniques. \u00c0 la fin de votre excursion, vous d\u00e9barquerez au point de d\u00e9part.<\/p>\n","protected":false},"featured_media":12096,"comment_status":"open","ping_status":"closed","template":"","meta":[],"product_brand":[],"product_cat":[109],"product_tag":[],"class_list":{"0":"post-12094","1":"product","2":"type-product","3":"status-publish","4":"has-post-thumbnail","6":"product_cat-excursions-tenerife","8":"first","9":"instock","10":"shipping-taxable","11":"purchasable","12":"product-type-simple"},"yoast_head":"<!-- This site is optimized with the Yoast SEO plugin v25.3.1 - https:\/\/yoast.com\/wordpress\/plugins\/seo\/ -->\n<title>Visite sous-marine - evasionbleue.com<\/title>\n<meta name=\"robots\" content=\"index, follow, max-snippet:-1, max-image-preview:large, max-video-preview:-1\" \/>\n<link rel=\"canonical\" href=\"https:\/\/evasionbleue.com\/index.php\/product\/puerto-de-mogan-visite-sous-marine\/\" \/>\n<meta property=\"og:locale\" content=\"fr_FR\" \/>\n<meta property=\"og:type\" content=\"article\" \/>\n<meta property=\"og:title\" content=\"Visite sous-marine - evasionbleue.com\" \/>\n<meta property=\"og:description\" content=\"visite sous-marine D\u00e9couvrez les fonds marins de Puerto de Mog\u00e1n \u00e0 bord du Golden Shark lors d&#039;une visite sous-marine. Explorez le monde sous les vagues et observez les man\u0153uvres sous l&#039;eau et en surface gr\u00e2ce aux \u00e9crans de t\u00e9l\u00e9vision disponibles pour chaque personne. Atteignez des profondeurs de 25\u00a0m sans subir de changement de pression. \u00c9merveillez-vous devant les incroyables habitats et \u00e9cosyst\u00e8mes de l&#039;oc\u00e9an Atlantique. Passez devant des \u00e9paves au fond de la mer et admirez des formations sous-marines uniques. Profitez d&#039;une visite adapt\u00e9e \u00e0 tous et capturez des photos uniques. \u00c0 la fin de votre excursion, vous d\u00e9barquerez au point de d\u00e9part.\" \/>\n<meta property=\"og:url\" content=\"https:\/\/evasionbleue.com\/index.php\/product\/puerto-de-mogan-visite-sous-marine\/\" \/>\n<meta property=\"og:site_name\" content=\"evasionbleue.com\" \/>\n<meta property=\"article:modified_time\" content=\"2024-06-11T13:52:31+00:00\" \/>\n<meta property=\"og:image\" content=\"https:\/\/evasionbleue.com\/wp-content\/uploads\/2024\/04\/145-30.jpg\" \/>\n\t<meta property=\"og:image:width\" content=\"960\" \/>\n\t<meta property=\"og:image:height\" content=\"640\" \/>\n\t<meta property=\"og:image:type\" content=\"image\/jpeg\" \/>\n<meta name=\"twitter:card\" content=\"summary_large_image\" \/>\n<script type=\"application\/ld+json\" class=\"yoast-schema-graph\">{\"@context\":\"https:\/\/schema.org\",\"@graph\":[{\"@type\":\"WebPage\",\"@id\":\"https:\/\/evasionbleue.com\/index.php\/product\/puerto-de-mogan-visite-sous-marine\/\",\"url\":\"https:\/\/evasionbleue.com\/index.php\/product\/puerto-de-mogan-visite-sous-marine\/\",\"name\":\"Visite sous-marine - evasionbleue.com\",\"isPartOf\":{\"@id\":\"https:\/\/evasionbleue.com\/#website\"},\"primaryImageOfPage\":{\"@id\":\"https:\/\/evasionbleue.com\/index.php\/product\/puerto-de-mogan-visite-sous-marine\/#primaryimage\"},\"image\":{\"@id\":\"https:\/\/evasionbleue.com\/index.php\/product\/puerto-de-mogan-visite-sous-marine\/#primaryimage\"},\"thumbnailUrl\":\"https:\/\/evasionbleue.com\/wp-content\/uploads\/2024\/04\/145-30.jpg\",\"datePublished\":\"2024-04-28T20:40:56+00:00\",\"dateModified\":\"2024-06-11T13:52:31+00:00\",\"breadcrumb\":{\"@id\":\"https:\/\/evasionbleue.com\/index.php\/product\/puerto-de-mogan-visite-sous-marine\/#breadcrumb\"},\"inLanguage\":\"fr-FR\",\"potentialAction\":[{\"@type\":\"ReadAction\",\"target\":[\"https:\/\/evasionbleue.com\/index.php\/product\/puerto-de-mogan-visite-sous-marine\/\"]}]},{\"@type\":\"ImageObject\",\"inLanguage\":\"fr-FR\",\"@id\":\"https:\/\/evasionbleue.com\/index.php\/product\/puerto-de-mogan-visite-sous-marine\/#primaryimage\",\"url\":\"https:\/\/evasionbleue.com\/wp-content\/uploads\/2024\/04\/145-30.jpg\",\"contentUrl\":\"https:\/\/evasionbleue.com\/wp-content\/uploads\/2024\/04\/145-30.jpg\",\"width\":960,\"height\":640},{\"@type\":\"BreadcrumbList\",\"@id\":\"https:\/\/evasionbleue.com\/index.php\/product\/puerto-de-mogan-visite-sous-marine\/#breadcrumb\",\"itemListElement\":[{\"@type\":\"ListItem\",\"position\":1,\"name\":\"Accueil\",\"item\":\"https:\/\/evasionbleue.com\/\"},{\"@type\":\"ListItem\",\"position\":2,\"name\":\"Shop\",\"item\":\"https:\/\/evasionbleue.com\/index.php\/shop\/\"},{\"@type\":\"ListItem\",\"position\":3,\"name\":\"Visite sous-marine\"}]},{\"@type\":\"WebSite\",\"@id\":\"https:\/\/evasionbleue.com\/#website\",\"url\":\"https:\/\/evasionbleue.com\/\",\"name\":\"evasionbleue.com\",\"description\":\"evasionbleue agence de voyage\",\"potentialAction\":[{\"@type\":\"SearchAction\",\"target\":{\"@type\":\"EntryPoint\",\"urlTemplate\":\"https:\/\/evasionbleue.com\/?s={search_term_string}\"},\"query-input\":{\"@type\":\"PropertyValueSpecification\",\"valueRequired\":true,\"valueName\":\"search_term_string\"}}],\"inLanguage\":\"fr-FR\"}]}<\/script>\n<!-- \/ Yoast SEO plugin. -->","yoast_head_json":{"title":"Visite sous-marine - evasionbleue.com","robots":{"index":"index","follow":"follow","max-snippet":"max-snippet:-1","max-image-preview":"max-image-preview:large","max-video-preview":"max-video-preview:-1"},"canonical":"https:\/\/evasionbleue.com\/index.php\/product\/puerto-de-mogan-visite-sous-marine\/","og_locale":"fr_FR","og_type":"article","og_title":"Visite sous-marine - evasionbleue.com","og_description":"visite sous-marine D\u00e9couvrez les fonds marins de Puerto de Mog\u00e1n \u00e0 bord du Golden Shark lors d'une visite sous-marine. Explorez le monde sous les vagues et observez les man\u0153uvres sous l'eau et en surface gr\u00e2ce aux \u00e9crans de t\u00e9l\u00e9vision disponibles pour chaque personne. Atteignez des profondeurs de 25\u00a0m sans subir de changement de pression. \u00c9merveillez-vous devant les incroyables habitats et \u00e9cosyst\u00e8mes de l'oc\u00e9an Atlantique. Passez devant des \u00e9paves au fond de la mer et admirez des formations sous-marines uniques. Profitez d'une visite adapt\u00e9e \u00e0 tous et capturez des photos uniques. \u00c0 la fin de votre excursion, vous d\u00e9barquerez au point de d\u00e9part.","og_url":"https:\/\/evasionbleue.com\/index.php\/product\/puerto-de-mogan-visite-sous-marine\/","og_site_name":"evasionbleue.com","article_modified_time":"2024-06-11T13:52:31+00:00","og_image":[{"width":960,"height":640,"url":"https:\/\/evasionbleue.com\/wp-content\/uploads\/2024\/04\/145-30.jpg","type":"image\/jpeg"}],"twitter_card":"summary_large_image","schema":{"@context":"https:\/\/schema.org","@graph":[{"@type":"WebPage","@id":"https:\/\/evasionbleue.com\/index.php\/product\/puerto-de-mogan-visite-sous-marine\/","url":"https:\/\/evasionbleue.com\/index.php\/product\/puerto-de-mogan-visite-sous-marine\/","name":"Visite sous-marine - evasionbleue.com","isPartOf":{"@id":"https:\/\/evasionbleue.com\/#website"},"primaryImageOfPage":{"@id":"https:\/\/evasionbleue.com\/index.php\/product\/puerto-de-mogan-visite-sous-marine\/#primaryimage"},"image":{"@id":"https:\/\/evasionbleue.com\/index.php\/product\/puerto-de-mogan-visite-sous-marine\/#primaryimage"},"thumbnailUrl":"https:\/\/evasionbleue.com\/wp-content\/uploads\/2024\/04\/145-30.jpg","datePublished":"2024-04-28T20:40:56+00:00","dateModified":"2024-06-11T13:52:31+00:00","breadcrumb":{"@id":"https:\/\/evasionbleue.com\/index.php\/product\/puerto-de-mogan-visite-sous-marine\/#breadcrumb"},"inLanguage":"fr-FR","potentialAction":[{"@type":"ReadAction","target":["https:\/\/evasionbleue.com\/index.php\/product\/puerto-de-mogan-visite-sous-marine\/"]}]},{"@type":"ImageObject","inLanguage":"fr-FR","@id":"https:\/\/evasionbleue.com\/index.php\/product\/puerto-de-mogan-visite-sous-marine\/#primaryimage","url":"https:\/\/evasionbleue.com\/wp-content\/uploads\/2024\/04\/145-30.jpg","contentUrl":"https:\/\/evasionbleue.com\/wp-content\/uploads\/2024\/04\/145-30.jpg","width":960,"height":640},{"@type":"BreadcrumbList","@id":"https:\/\/evasionbleue.com\/index.php\/product\/puerto-de-mogan-visite-sous-marine\/#breadcrumb","itemListElement":[{"@type":"ListItem","position":1,"name":"Accueil","item":"https:\/\/evasionbleue.com\/"},{"@type":"ListItem","position":2,"name":"Shop","item":"https:\/\/evasionbleue.com\/index.php\/shop\/"},{"@type":"ListItem","position":3,"name":"Visite sous-marine"}]},{"@type":"WebSite","@id":"https:\/\/evasionbleue.com\/#website","url":"https:\/\/evasionbleue.com\/","name":"evasionbleue.com","description":"evasionbleue agence de voyage","potentialAction":[{"@type":"SearchAction","target":{"@type":"EntryPoint","urlTemplate":"https:\/\/evasionbleue.com\/?s={search_term_string}"},"query-input":{"@type":"PropertyValueSpecification","valueRequired":true,"valueName":"search_term_string"}}],"inLanguage":"fr-FR"}]}},"_links":{"self":[{"href":"https:\/\/evasionbleue.com\/index.php\/wp-json\/wp\/v2\/product\/12094","targetHints":{"allow":["GET"]}}],"collection":[{"href":"https:\/\/evasionbleue.com\/index.php\/wp-json\/wp\/v2\/product"}],"about":[{"href":"https:\/\/evasionbleue.com\/index.php\/wp-json\/wp\/v2\/types\/product"}],"replies":[{"embeddable":true,"href":"https:\/\/evasionbleue.com\/index.php\/wp-json\/wp\/v2\/comments?post=12094"}],"version-history":[{"count":3,"href":"https:\/\/evasionbleue.com\/index.php\/wp-json\/wp\/v2\/product\/12094\/revisions"}],"predecessor-version":[{"id":12768,"href":"https:\/\/evasionbleue.com\/index.php\/wp-json\/wp\/v2\/product\/12094\/revisions\/12768"}],"wp:featuredmedia":[{"embeddable":true,"href":"https:\/\/evasionbleue.com\/index.php\/wp-json\/wp\/v2\/media\/12096"}],"wp:attachment":[{"href":"https:\/\/evasionbleue.com\/index.php\/wp-json\/wp\/v2\/media?parent=12094"}],"wp:term":[{"taxonomy":"product_brand","embeddable":true,"href":"https:\/\/evasionbleue.com\/index.php\/wp-json\/wp\/v2\/product_brand?post=12094"},{"taxonomy":"product_cat","embeddable":true,"href":"https:\/\/evasionbleue.com\/index.php\/wp-json\/wp\/v2\/product_cat?post=12094"},{"taxonomy":"product_tag","embeddable":true,"href":"https:\/\/evasionbleue.com\/index.php\/wp-json\/wp\/v2\/product_tag?post=12094"}],"curies":[{"name":"wp","href":"https:\/\/api.w.org\/{rel}","templated":true}]}}